{"id":7584,"date":"2022-06-21T10:45:02","date_gmt":"2022-06-21T08:45:02","guid":{"rendered":"https:\/\/rali.fr\/blog-fr\/?page_id=7584"},"modified":"2025-01-28T17:40:48","modified_gmt":"2025-01-28T16:40:48","slug":"choisir-son-rabot-et-ses-accessoires","status":"publish","type":"page","link":"https:\/\/rali.fr\/blog-fr\/choisir-son-rabot-et-ses-accessoires\/","title":{"rendered":"Guide : choisir son rabot et ses accessoires"},"content":{"rendered":"\n\n\t<section class=\"section dark\" id=\"section_165721029\">\n\t\t<div class=\"section-bg fill\" >\n\t\t\t<img decoding=\"async\" width=\"2169\" height=\"1446\" src=\"https:\/\/rali.fr\/blog-fr\/wp-content\/uploads\/2022\/02\/Rali-Black-Friday-24-scaled-e1645722579332.jpg\" class=\"bg attachment- size-\" alt=\"RABOT GAMME PRO\" \/>\t\t\t\t\t\t<div class=\"section-bg-overlay absolute fill\"><\/div>\n\t\t\t\n\n\t\t<\/div>\n\n\t\t\n\n\t\t<div class=\"section-content relative\">\n\t\t\t\n\n\t<div id=\"text-2375272706\" class=\"text\">\n\t\t\n\n<h1 class=\"uppercase\" style=\"text-align: center;\">Comment choisir son rabot <br>et ses accessoires ?<\/h1>\n\t\t\n<style>\n#text-2375272706 {\n  font-size: 1.5rem;\n  text-align: center;\n}\n<\/style>\n\t<\/div>\n\t\n\t<div id=\"gap-1538098694\" class=\"gap-element clearfix\" style=\"display:block; height:auto;\">\n\t\t\n<style>\n#gap-1538098694 {\n  padding-top: 60px;\n}\n<\/style>\n\t<\/div>\n\t\n\n\n\t\t<\/div>\n\n\t\t\n<style>\n#section_165721029 {\n  padding-top: 30px;\n  padding-bottom: 30px;\n  min-height: 500px;\n}\n#section_165721029 .section-bg-overlay {\n  background-color: rgba(0, 0, 0, 0.15);\n}\n#section_165721029 .section-bg img {\n  object-position: 49% 47%;\n}\n@media (min-width:550px) {\n  #section_165721029 {\n    min-height: 600px;\n  }\n  #section_165721029 .section-bg-overlay {\n    background-color: rgba(0, 0, 0, 0.09);\n  }\n}\n@media (min-width:850px) {\n  #section_165721029 .section-bg-overlay {\n    background-color: rgba(133, 133, 133, 0.093);\n  }\n}\n<\/style>\n\t<\/section>\n\t\n<div class=\"row align-middle\"  id=\"row-1388579897\">\n\n\n\t<div id=\"col-2023630717\" class=\"col medium-6 small-12 large-6\"  >\n\t\t\t\t<div class=\"col-inner\"  >\n\t\t\t\n\t\t\t\n\n<h2 class=\"titre_3\"><a href=\"\/rabots.html\">Rabots \u00e0 planer<\/a><\/h2>\n<p class=\"wysiwyg\">Ce sont des rabots destin\u00e9s \u00e0 raboter des surfaces planes et ouvertes sur les bords.<br \/>La lame est l\u00e9g\u00e8rement courbe et remonte sur les deux extr\u00e9mit\u00e9s afin de creuser tr\u00e8s l\u00e9g\u00e8rement plus en son centre. Ceci a comme avantage que les bords de la lame ne marquent pas le bois en phase de finition avec prise du bois minimum. Ce ph\u00e9nom\u00e8ne est important lorsque l\u2019on plane de grandes surfaces.<\/p>\n\n\t\t<\/div>\n\t\t\t\t\t<\/div>\n\n\t\n\n\t<div id=\"col-639693163\" class=\"col medium-6 small-12 large-6\"  >\n\t\t\t\t<div class=\"col-inner\"  >\n\t\t\t\n\t\t\t\n\n\t<div class=\"img has-hover x md-x lg-x y md-y lg-y\" id=\"image_1564234235\">\n\t\t\t\t\t\t\t\t<div class=\"img-inner dark\" >\n\t\t\t<img decoding=\"async\" width=\"460\" height=\"322\" src=\"https:\/\/rali.fr\/blog-fr\/wp-content\/uploads\/2022\/06\/lame_courbe.jpg\" class=\"attachment-large size-large\" alt=\"rabot \u00e0 planer\" \/>\t\t\t\t\t\t\n\t\t\t\t\t<\/div>\n\t\t\t\t\t\t\t\t\n<style>\n#image_1564234235 {\n  width: 100%;\n}\n<\/style>\n\t<\/div>\n\t\n\n\n\t\t<\/div>\n\t\t\t\t\t<\/div>\n\n\t\n\n<\/div>\n<div class=\"text-center\"><div class=\"is-divider divider clearfix\" style=\"max-width:115px;\"><\/div><\/div>\n\n<div class=\"row align-middle\"  id=\"row-712644641\">\n\n\n\t<div id=\"col-850529413\" class=\"col medium-6 small-12 large-6\"  >\n\t\t\t\t<div class=\"col-inner\"  >\n\t\t\t\n\t\t\t\n\n\t<div class=\"img has-hover x md-x lg-x y md-y lg-y\" id=\"image_1750460506\">\n\t\t\t\t\t\t\t\t<div class=\"img-inner dark\" >\n\t\t\t<img decoding=\"async\" width=\"460\" height=\"322\" src=\"https:\/\/rali.fr\/blog-fr\/wp-content\/uploads\/2022\/06\/lame_droite.jpg\" class=\"attachment-large size-large\" alt=\"rabot guillaume\" \/>\t\t\t\t\t\t\n\t\t\t\t\t<\/div>\n\t\t\t\t\t\t\t\t\n<style>\n#image_1750460506 {\n  width: 100%;\n}\n<\/style>\n\t<\/div>\n\t\n\n\n\t\t<\/div>\n\t\t\t\t\t<\/div>\n\n\t\n\n\t<div id=\"col-1823798148\" class=\"col medium-6 small-12 large-6\"  >\n\t\t\t\t<div class=\"col-inner\"  >\n\t\t\t\n\t\t\t\n\n<h2 class=\"titre_3\"><a href=\"_wp_link_placeholder\" data-wplink-edit=\"true\">Rabots guillaume<\/a><\/h2>\n<p class=\"wysiwyg\">Ce sont des rabots destin\u00e9s \u00e0 raboter des battues ou des angles.<br \/>La lame est parfaitement droite et aiguis\u00e9e jusqu\u2019aux deux extr\u00e9mit\u00e9s afin de couper jusqu\u2019\u00e0 dans l\u2019angle vif.<br \/>La lame se r\u00e8gle lat\u00e9ralement afin de s\u2019aligner sur le c\u00f4t\u00e9 du guillaume.<\/p>\n\n\t\t<\/div>\n\t\t\t\t\t<\/div>\n\n\t\n\n<\/div>\n<div class=\"text-center\"><div class=\"is-divider divider clearfix\" style=\"max-width:115px;\"><\/div><\/div>\n\n<div class=\"row align-middle\"  id=\"row-942029633\">\n\n\n\t<div id=\"col-155580305\" class=\"col medium-6 small-12 large-6\"  >\n\t\t\t\t<div class=\"col-inner\"  >\n\t\t\t\n\t\t\t\n\n<h2 class=\"titre_3\">Rabot de charpentier<\/h2>\n<p class=\"wysiwyg\"><a href=\"\/rabots\/rabot-charpentier.html\">Le rabot de charpentier<\/a>\u00a0<strong>RALI 220C<\/strong>\u00a0a une utilisation particuli\u00e8re: il sert \u00e0 casser un angle (chanfrein) en un seul passage.<\/p>\n<p class=\"wysiwyg\">Grace \u00e0 sa fente dans la semelle avant, il a une prise de bois de entre 1.0 et 1.6mm. Un seul passage suffit donc pour casser un angle, d&rsquo;o\u00f9 un gain de temps.<\/p>\n<p class=\"wysiwyg\">Il n&rsquo;est pas recommand\u00e9 d&rsquo;utiliser ce rabot pour un rabotage \u00e0 plat. Mais si toutefois il devait \u00eatre utilis\u00e9 pour un rabotage \u00e0 plat, pour d\u00e9panner, il suffit de le pr\u00e9senter avec un angle de 30 degr\u00e9s vers la gauche par rapport \u00e0 la planche, ce qui permet d&rsquo;appuyer la semelle sur les deux bords plut\u00f4t que sur la fente centrale.<\/p>\n\n\t\t<\/div>\n\t\t\t\t\t<\/div>\n\n\t\n\n\t<div id=\"col-294738735\" class=\"col medium-6 small-12 large-6\"  >\n\t\t\t\t<div class=\"col-inner\"  >\n\t\t\t\n\t\t\t\n\n\t<div class=\"img has-hover x md-x lg-x y md-y lg-y\" id=\"image_1107386662\">\n\t\t\t\t\t\t\t\t<div class=\"img-inner image-cover dark\" style=\"padding-top:56.25%;\">\n\t\t\t<img decoding=\"async\" width=\"460\" height=\"322\" src=\"https:\/\/rali.fr\/blog-fr\/wp-content\/uploads\/2022\/06\/220C_semelle.jpg\" class=\"attachment-large size-large\" alt=\"rabot charpentier\" \/>\t\t\t\t\t\t\n\t\t\t\t\t<\/div>\n\t\t\t\t\t\t\t\t\n<style>\n#image_1107386662 {\n  width: 98%;\n}\n<\/style>\n\t<\/div>\n\t\n\n\t\t<div class=\"video-responsive\">\n\t\t\t\t\n\n<iframe src=\"https:\/\/www.youtube.com\/embed\/cC5XIrpd0c8?cc_load_policy=1&amp;rel=0\" frameborder=\"0\"><\/iframe>\n\t\t<\/div>\n\t\n\n\t\t<\/div>\n\t\t\t\t\t<\/div>\n\n\t\n\n<\/div>\n<div class=\"text-center\"><div class=\"is-divider divider clearfix\" style=\"max-width:115px;\"><\/div><\/div>\n\n<div class=\"row align-middle\"  id=\"row-1474151698\">\n\n\n\t<div id=\"col-253304163\" class=\"col medium-6 small-12 large-6\"  >\n\t\t\t\t<div class=\"col-inner\"  >\n\t\t\t\n\t\t\t\n\n\t<div class=\"img has-hover x md-x lg-x y md-y lg-y\" id=\"image_1675089240\">\n\t\t\t\t\t\t\t\t<div class=\"img-inner dark\" >\n\t\t\t<img decoding=\"async\" width=\"460\" height=\"322\" src=\"https:\/\/rali.fr\/blog-fr\/wp-content\/uploads\/2022\/06\/260M_desc.jpg\" class=\"attachment-large size-large\" alt=\"rabot\" \/>\t\t\t\t\t\t\n\t\t\t\t\t<\/div>\n\t\t\t\t\t\t\t\t\n<style>\n#image_1675089240 {\n  width: 100%;\n}\n<\/style>\n\t<\/div>\n\t\n\n\t\t<div class=\"video-responsive\">\n\t\t\t\t\n\n<iframe src=\"https:\/\/www.youtube.com\/embed\/NEsu8hS97_4?cc_load_policy=1&amp;rel=0\" frameborder=\"0\"><\/iframe>\n\t\t<\/div>\n\t\n\n\t\t<\/div>\n\t\t\t\t\t<\/div>\n\n\t\n\n\t<div id=\"col-834663216\" class=\"col medium-6 small-12 large-6\"  >\n\t\t\t\t<div class=\"col-inner\"  >\n\t\t\t\n\t\t\t\n\n<h2 class=\"titre_3\">Rabotage de bout<\/h2>\n<p class=\"wysiwyg\">Le rabotage de bout, ou perpendiculaire \u00e0 la fibre du bois, requi\u00e8re une attention particuli\u00e8re afin de ne pas arracher le bois.<\/p>\n<p class=\"wysiwyg\">Il convient donc de cr\u00e9er dans un premier temps un chanfrein sur le bord de sortie.<br \/>Le rabotage se fait avec le fer r\u00e9gl\u00e9 au minimum et le contrefer tout en avant.<\/p>\n\n\t\t<\/div>\n\t\t\t\t\t<\/div>\n\n\t\n\n<\/div>\n<div class=\"text-center\"><div class=\"is-divider divider clearfix\" style=\"max-width:115px;\"><\/div><\/div>\n\n<div class=\"row align-middle\"  id=\"row-966426191\">\n\n\n\t<div id=\"col-913009152\" class=\"col medium-6 small-12 large-6\"  >\n\t\t\t\t<div class=\"col-inner\"  >\n\t\t\t\n\t\t\t\n\n<h2 class=\"titre_3\"><a href=\"\/guide-pour-g30-g03-et-pocket.html\">Guide<\/a><\/h2>\n<p class=\"wysiwyg\">Afin de r\u00e9aliser des feuillures pr\u00e9cises, le guide est d\u2019une aide pr\u00e9cieuse.<br \/>Sa graduation permet un r\u00e9glage exact de la largeur de la feuillure.<br \/>Le guide est livr\u00e9 en standard avec le\u00a0<strong>grand <a href=\"\/rali-specialites-g30.html\">guillaume G30<\/a><\/strong>. Il peut \u00eatre mont\u00e9 sur un petit <a href=\"\/rabot-guillaume-rali-g03.html\">guillaume G03<\/a> et sur le <a href=\"\/rali-specialites-pocket.html\">RALI pocket<\/a>. Il peut aussi \u00eatre achet\u00e9 s\u00e9par\u00e9ment.<br \/>Le guide s\u2019installe en quelques secondes indiff\u00e9remment \u00e0 gauche ou \u00e0 droite.<\/p>\n<div class=\"row\"  id=\"row-40660870\">\n\n\n\t<div id=\"col-2045105850\" class=\"col medium-6 small-12 large-6\"  >\n\t\t\t\t<div class=\"col-inner\"  >\n\t\t\t\n\t\t\t\n\n\t<div class=\"img has-hover x md-x lg-x y md-y lg-y\" id=\"image_680439138\">\n\t\t\t\t\t\t\t\t<div class=\"img-inner dark\" >\n\t\t\t<img decoding=\"async\" width=\"460\" height=\"322\" src=\"https:\/\/rali.fr\/blog-fr\/wp-content\/uploads\/2022\/06\/G03_2.jpg\" class=\"attachment-large size-large\" alt=\"\" \/>\t\t\t\t\t\t\n\t\t\t\t\t<\/div>\n\t\t\t\t\t\t\t\t\n<style>\n#image_680439138 {\n  width: 100%;\n}\n<\/style>\n\t<\/div>\n\t\n\n\n\t\t<\/div>\n\t\t\t\t\t<\/div>\n\n\t\n\n\t<div id=\"col-936129531\" class=\"col medium-6 small-12 large-6\"  >\n\t\t\t\t<div class=\"col-inner\"  >\n\t\t\t\n\t\t\t\n\n\t<div class=\"img has-hover x md-x lg-x y md-y lg-y\" id=\"image_303021231\">\n\t\t\t\t\t\t\t\t<div class=\"img-inner dark\" >\n\t\t\t<img decoding=\"async\" width=\"460\" height=\"322\" src=\"https:\/\/rali.fr\/blog-fr\/wp-content\/uploads\/2022\/06\/pocket_2.jpg\" class=\"attachment-large size-large\" alt=\"\" \/>\t\t\t\t\t\t\n\t\t\t\t\t<\/div>\n\t\t\t\t\t\t\t\t\n<style>\n#image_303021231 {\n  width: 100%;\n}\n<\/style>\n\t<\/div>\n\t\n\n\n\t\t<\/div>\n\t\t\t\t\t<\/div>\n\n\t\n\n<\/div>\n\n\t\t<\/div>\n\t\t\t\t\t<\/div>\n\n\t\n\n\t<div id=\"col-700366615\" class=\"col medium-6 small-12 large-6\"  >\n\t\t\t\t<div class=\"col-inner\"  >\n\t\t\t\n\t\t\t\n\n<div class=\"row\"  id=\"row-1961246628\">\n\n\n\t<div id=\"col-986035881\" class=\"col medium-6 small-12 large-6\"  >\n\t\t\t\t<div class=\"col-inner\"  >\n\t\t\t\n\t\t\t\n\n\t<div class=\"img has-hover x md-x lg-x y md-y lg-y\" id=\"image_2075988199\">\n\t\t\t\t\t\t\t\t<div class=\"img-inner dark\" >\n\t\t\t<img decoding=\"async\" width=\"460\" height=\"322\" src=\"https:\/\/rali.fr\/blog-fr\/wp-content\/uploads\/2022\/06\/guide.jpg\" class=\"attachment-large size-large\" alt=\"\" \/>\t\t\t\t\t\t\n\t\t\t\t\t<\/div>\n\t\t\t\t\t\t\t\t\n<style>\n#image_2075988199 {\n  width: 100%;\n}\n<\/style>\n\t<\/div>\n\t\n\n\n\t\t<\/div>\n\t\t\t\t\t<\/div>\n\n\t\n\n\t<div id=\"col-1843598217\" class=\"col medium-6 small-12 large-6\"  >\n\t\t\t\t<div class=\"col-inner\"  >\n\t\t\t\n\t\t\t\n\n\t<div class=\"img has-hover x md-x lg-x y md-y lg-y\" id=\"image_1435823309\">\n\t\t\t\t\t\t\t\t<div class=\"img-inner dark\" >\n\t\t\t<img decoding=\"async\" width=\"460\" height=\"322\" src=\"https:\/\/rali.fr\/blog-fr\/wp-content\/uploads\/2022\/06\/G30_desc.jpg\" class=\"attachment-large size-large\" alt=\"\" \/>\t\t\t\t\t\t\n\t\t\t\t\t<\/div>\n\t\t\t\t\t\t\t\t\n<style>\n#image_1435823309 {\n  width: 100%;\n}\n<\/style>\n\t<\/div>\n\t\n\n\n\t\t<\/div>\n\t\t\t\t\t<\/div>\n\n\t\n\n<\/div>\n\t\t<div class=\"video-responsive\">\n\t\t\t\t\n\n<iframe src=\"https:\/\/www.youtube.com\/embed\/-FcLlv-IPM8?cc_load_policy=1&amp;rel=0\" frameborder=\"0\"><\/iframe>\n\t\t<\/div>\n\t\n\n\t\t<\/div>\n\t\t\t\t\t<\/div>\n\n\t\n\n<\/div>\n<div class=\"text-center\"><div class=\"is-divider divider clearfix\" style=\"max-width:115px;\"><\/div><\/div>\n\n<div class=\"row align-middle\"  id=\"row-1955134682\">\n\n\n\t<div id=\"col-1059915232\" class=\"col medium-6 small-12 large-6\"  >\n\t\t\t\t<div class=\"col-inner\"  >\n\t\t\t\n\t\t\t\n\n\t\t<div class=\"video-responsive\">\n\t\t\t\t\n\n<iframe src=\"https:\/\/www.youtube.com\/embed\/K693fCO0RqI?cc_load_policy=1&amp;rel=0\" frameborder=\"0\"><\/iframe>\n\t\t<\/div>\n\t\n\t<div id=\"gap-1952208759\" class=\"gap-element clearfix\" style=\"display:block; height:auto;\">\n\t\t\n<style>\n#gap-1952208759 {\n  padding-top: 52px;\n}\n<\/style>\n\t<\/div>\n\t\n\n\t\t<div class=\"video-responsive\">\n\t\t\t\t\n\n<iframe src=\"https:\/\/www.youtube.com\/embed\/J54FcmLuJ8A?cc_load_policy=1&amp;rel=0\" frameborder=\"0\"><\/iframe>\n\t\t<\/div>\n\t\n\n\t\t<\/div>\n\t\t\t\t\t<\/div>\n\n\t\n\n\t<div id=\"col-115075258\" class=\"col medium-6 small-12 large-6\"  >\n\t\t\t\t<div class=\"col-inner\"  >\n\t\t\t\n\t\t\t\n\n<h2 class=\"titre_3\">Feuillure<\/h2>\n<p class=\"wysiwyg\">Que ce soit pour reprendre une feuillure ou pour la r\u00e9aliser de A \u00e0 Z, les rabots RALI ont la r\u00e9ponse.<br \/>Le RALI guillaume G30 (\u00e0 deux mains) ou G03 (\u00e0 une main) permettent de r\u00e9aliser des feuillures nettes et pr\u00e9cises. Le guillaume de bout B30 est \u00e0 utiliser pour les derniers centim\u00e8tres dans l\u2019angle.<br \/>Les rabots guillaume RALI ont des lames tranchantes jusqu\u2019au bord. Attention donc de ne pas se blesser.<br \/>Le guide est une aide pr\u00e9cieuse pour r\u00e9aliser des feuillures pr\u00e9cises.<\/p>\n\t\t<div class=\"video-responsive\">\n\t\t\t\t\n\n<iframe src=\"https:\/\/www.youtube.com\/embed\/fAvE2X7u1pQ?cc_load_policy=1&amp;rel=0\" frameborder=\"0\"><\/iframe>\n\t\t<\/div>\n\t\n\n\t\t<\/div>\n\t\t\t\t\t<\/div>\n\n\t\n\n<\/div>\n<div class=\"text-center\"><div class=\"is-divider divider clearfix\" style=\"max-width:115px;\"><\/div><\/div>\n\n\t<div id=\"text-3470195023\" class=\"text\">\n\t\t\n\n<h2 class=\"uppercase\">Les offres du moment<\/h2>\n\t\t\n<style>\n#text-3470195023 {\n  text-align: center;\n  color: rgb(0,0,0);\n}\n#text-3470195023 > * {\n  color: rgb(0,0,0);\n}\n<\/style>\n\t<\/div>\n\t\n\n<div class=\"row align-equal align-center\"  id=\"row-1395763469\">\n\n\n\t<div id=\"col-87268091\" class=\"col medium-9 small-12 large-9\"  >\n\t\t\t\t<div class=\"col-inner text-center box-shadow-3 box-shadow-1-hover dark\" style=\"background-color:rgb(0,0,0);\" >\n\t\t\t\n\t\t\t\n\n\t<div id=\"text-1958219242\" class=\"text\">\n\t\t\n\n<p><span style=\"font-size: 200%;\"><span style=\"font-size: 160%;\"><span style=\"color: #ffffff;\">Aujourd'hui<br \/><\/span><\/span><\/span><\/p>\n<p><span style=\"font-size: 200%;\"><span style=\"color: #ed1c24; font-size: 150%;\">-15\u20ac\/chf <\/span>offerts<br \/>tous les 100\u20ac\/chf d'achat*<br \/>\n<\/span><\/p>\n\t\t\n<style>\n#text-1958219242 {\n  line-height: 1.2;\n}\n<\/style>\n\t<\/div>\n\t\n<a href=\"\/rabots.html\" class=\"button success\"  >\n\t\t<span>Voir les outils<\/span>\n\t<\/a>\n\n\n\t<div id=\"text-2455755029\" class=\"text\">\n\t\t\n\n<p>*hors promotions<\/p>\n\t\t\n<style>\n#text-2455755029 {\n  font-size: 0.75rem;\n  text-align: right;\n}\n<\/style>\n\t<\/div>\n\t\n\n\t\t<\/div>\n\t\t\t\t\n<style>\n#col-87268091 > .col-inner {\n  padding: 20px 20px 0px 20px;\n  border-radius: 30px;\n}\n<\/style>\n\t<\/div>\n\n\t\n\n\t<div id=\"col-373271709\" class=\"col medium-9 small-12 large-9\"  >\n\t\t\t\t<div class=\"col-inner text-center box-shadow-3 box-shadow-1-hover dark\" style=\"background-color:rgb(0,0,0);\" >\n\t\t\t\n\t\t\t\n\n\t<div id=\"text-2272823978\" class=\"text\">\n\t\t\n\n<p><span style=\"font-size: 200%;\"><span style=\"font-size: 160%;\"><span style=\"color: #ffffff;\">OFFRE PACKS<br \/><\/span><\/span><\/span><\/p>\n<p><span style=\"font-size: 200%;\">Jusqu'\u00e0 <span style=\"color: #ed1c24; font-size: 150%;\">-50% <\/span>sur le 2\u00e8me outil<br \/>dans nos packs d'\u00e9quipement<br \/><\/span><\/p>\n\t\t\n<style>\n#text-2272823978 {\n  line-height: 1.2;\n}\n<\/style>\n\t<\/div>\n\t\n<a href=\"\/promo.html\" class=\"button success\"  >\n\t\t<span>Voir les packs<\/span>\n\t<\/a>\n\n\n\t<div id=\"text-2915938330\" class=\"text hidden\">\n\t\t\n\n<p>*hors promotions<\/p>\n\t\t\n<style>\n#text-2915938330 {\n  font-size: 0.75rem;\n  text-align: right;\n}\n<\/style>\n\t<\/div>\n\t\n\n\t\t<\/div>\n\t\t\t\t\n<style>\n#col-373271709 > .col-inner {\n  padding: 20px 20px 0px 20px;\n  border-radius: 30px;\n}\n<\/style>\n\t<\/div>\n\n\t\n\n\n<style>\n#row-1395763469 > .col > .col-inner {\n  background-color: rgb(0,0,0);\n}\n<\/style>\n<\/div>\n\n\n\n\n\n\t<div id=\"gap-807350888\" class=\"gap-element clearfix\" style=\"display:block; height:auto;\">\n\t\t\n<style>\n#gap-807350888 {\n  padding-top: 30px;\n}\n<\/style>\n\t<\/div>\n\t\n\n\n","protected":false},"excerpt":{"rendered":"","protected":false},"author":1,"featured_media":6277,"parent":0,"menu_order":0,"comment_status":"closed","ping_status":"closed","template":"page-blank.php","meta":{"footnotes":""},"class_list":["post-7584","page","type-page","status-publish","has-post-thumbnail","hentry"],"yoast_head":"<!-- This site is optimized with the Yoast SEO plugin v25.3 - https:\/\/yoast.com\/wordpress\/plugins\/seo\/ -->\n<title>Rabot guillaume RALI - Pour quoi faire ?<\/title>\n<meta name=\"description\" content=\"D\u00e9couvrez toutes les diff\u00e9rences entres les rabots guillaumes ainsi que la pr\u00e9sentation de leurs diff\u00e9rentes utilisations pour le travail du bois.\" \/>\n<meta name=\"robots\" content=\"index, follow, max-snippet:-1, max-image-preview:large, max-video-preview:-1\" \/>\n<link rel=\"canonical\" href=\"https:\/\/rali.fr\/blog-fr\/choisir-son-rabot-et-ses-accessoires\/\" \/>\n<meta property=\"og:locale\" content=\"fr_FR\" \/>\n<meta property=\"og:type\" content=\"article\" \/>\n<meta property=\"og:title\" content=\"Rabot guillaume RALI - Pour quoi faire ?\" \/>\n<meta property=\"og:description\" content=\"D\u00e9couvrez toutes les diff\u00e9rences entres les rabots guillaumes ainsi que la pr\u00e9sentation de leurs diff\u00e9rentes utilisations pour le travail du bois.\" \/>\n<meta property=\"og:url\" content=\"https:\/\/rali.fr\/blog-fr\/choisir-son-rabot-et-ses-accessoires\/\" \/>\n<meta property=\"og:site_name\" content=\"RALI outils bois pour les pros\" \/>\n<meta property=\"article:publisher\" content=\"https:\/\/www.facebook.com\/raliswiss\" \/>\n<meta property=\"article:modified_time\" content=\"2025-01-28T16:40:48+00:00\" \/>\n<meta property=\"og:image\" content=\"https:\/\/rali.fr\/blog-fr\/wp-content\/uploads\/2022\/02\/gamme-rabot-1.jpg\" \/>\n\t<meta property=\"og:image:width\" content=\"580\" \/>\n\t<meta property=\"og:image:height\" content=\"412\" \/>\n\t<meta property=\"og:image:type\" content=\"image\/jpeg\" \/>\n<meta name=\"twitter:card\" content=\"summary_large_image\" \/>\n<meta name=\"twitter:label1\" content=\"Dur\u00e9e de lecture estim\u00e9e\" \/>\n\t<meta name=\"twitter:data1\" content=\"4 minutes\" \/>\n<script type=\"application\/ld+json\" class=\"yoast-schema-graph\">{\"@context\":\"https:\/\/schema.org\",\"@graph\":[{\"@type\":\"WebPage\",\"@id\":\"https:\/\/rali.fr\/blog-fr\/choisir-son-rabot-et-ses-accessoires\/\",\"url\":\"https:\/\/rali.fr\/blog-fr\/choisir-son-rabot-et-ses-accessoires\/\",\"name\":\"Rabot guillaume RALI - Pour quoi faire ?\",\"isPartOf\":{\"@id\":\"https:\/\/rali.fr\/blog-fr\/#website\"},\"primaryImageOfPage\":{\"@id\":\"https:\/\/rali.fr\/blog-fr\/choisir-son-rabot-et-ses-accessoires\/#primaryimage\"},\"image\":{\"@id\":\"https:\/\/rali.fr\/blog-fr\/choisir-son-rabot-et-ses-accessoires\/#primaryimage\"},\"thumbnailUrl\":\"https:\/\/rali.fr\/blog-fr\/wp-content\/uploads\/2022\/02\/gamme-rabot-1.jpg\",\"datePublished\":\"2022-06-21T08:45:02+00:00\",\"dateModified\":\"2025-01-28T16:40:48+00:00\",\"description\":\"D\u00e9couvrez toutes les diff\u00e9rences entres les rabots guillaumes ainsi que la pr\u00e9sentation de leurs diff\u00e9rentes utilisations pour le travail du bois.\",\"inLanguage\":\"fr-FR\",\"potentialAction\":[{\"@type\":\"ReadAction\",\"target\":[\"https:\/\/rali.fr\/blog-fr\/choisir-son-rabot-et-ses-accessoires\/\"]}]},{\"@type\":\"ImageObject\",\"inLanguage\":\"fr-FR\",\"@id\":\"https:\/\/rali.fr\/blog-fr\/choisir-son-rabot-et-ses-accessoires\/#primaryimage\",\"url\":\"https:\/\/rali.fr\/blog-fr\/wp-content\/uploads\/2022\/02\/gamme-rabot-1.jpg\",\"contentUrl\":\"https:\/\/rali.fr\/blog-fr\/wp-content\/uploads\/2022\/02\/gamme-rabot-1.jpg\",\"width\":580,\"height\":412,\"caption\":\"guillaume\"},{\"@type\":\"WebSite\",\"@id\":\"https:\/\/rali.fr\/blog-fr\/#website\",\"url\":\"https:\/\/rali.fr\/blog-fr\/\",\"name\":\"RALI outils bois pour les pros\",\"description\":\"Les outils bois pour les passionn\u00e9s\",\"publisher\":{\"@id\":\"https:\/\/rali.fr\/blog-fr\/#organization\"},\"potentialAction\":[{\"@type\":\"SearchAction\",\"target\":{\"@type\":\"EntryPoint\",\"urlTemplate\":\"https:\/\/rali.fr\/blog-fr\/?s={search_term_string}\"},\"query-input\":{\"@type\":\"PropertyValueSpecification\",\"valueRequired\":true,\"valueName\":\"search_term_string\"}}],\"inLanguage\":\"fr-FR\"},{\"@type\":\"Organization\",\"@id\":\"https:\/\/rali.fr\/blog-fr\/#organization\",\"name\":\"RALI\",\"url\":\"https:\/\/rali.fr\/blog-fr\/\",\"logo\":{\"@type\":\"ImageObject\",\"inLanguage\":\"fr-FR\",\"@id\":\"https:\/\/rali.fr\/blog-fr\/#\/schema\/logo\/image\/\",\"url\":\"https:\/\/rali.fr\/blog-fr\/wp-content\/uploads\/2020\/08\/logo-rali-allonge-1100x500-1.png\",\"contentUrl\":\"https:\/\/rali.fr\/blog-fr\/wp-content\/uploads\/2020\/08\/logo-rali-allonge-1100x500-1.png\",\"width\":1100,\"height\":500,\"caption\":\"RALI\"},\"image\":{\"@id\":\"https:\/\/rali.fr\/blog-fr\/#\/schema\/logo\/image\/\"},\"sameAs\":[\"https:\/\/www.facebook.com\/raliswiss\"]}]}<\/script>\n<!-- \/ Yoast SEO plugin. -->","yoast_head_json":{"title":"Rabot guillaume RALI - Pour quoi faire ?","description":"D\u00e9couvrez toutes les diff\u00e9rences entres les rabots guillaumes ainsi que la pr\u00e9sentation de leurs diff\u00e9rentes utilisations pour le travail du bois.","robots":{"index":"index","follow":"follow","max-snippet":"max-snippet:-1","max-image-preview":"max-image-preview:large","max-video-preview":"max-video-preview:-1"},"canonical":"https:\/\/rali.fr\/blog-fr\/choisir-son-rabot-et-ses-accessoires\/","og_locale":"fr_FR","og_type":"article","og_title":"Rabot guillaume RALI - Pour quoi faire ?","og_description":"D\u00e9couvrez toutes les diff\u00e9rences entres les rabots guillaumes ainsi que la pr\u00e9sentation de leurs diff\u00e9rentes utilisations pour le travail du bois.","og_url":"https:\/\/rali.fr\/blog-fr\/choisir-son-rabot-et-ses-accessoires\/","og_site_name":"RALI outils bois pour les pros","article_publisher":"https:\/\/www.facebook.com\/raliswiss","article_modified_time":"2025-01-28T16:40:48+00:00","og_image":[{"width":580,"height":412,"url":"https:\/\/rali.fr\/blog-fr\/wp-content\/uploads\/2022\/02\/gamme-rabot-1.jpg","type":"image\/jpeg"}],"twitter_card":"summary_large_image","twitter_misc":{"Dur\u00e9e de lecture estim\u00e9e":"4 minutes"},"schema":{"@context":"https:\/\/schema.org","@graph":[{"@type":"WebPage","@id":"https:\/\/rali.fr\/blog-fr\/choisir-son-rabot-et-ses-accessoires\/","url":"https:\/\/rali.fr\/blog-fr\/choisir-son-rabot-et-ses-accessoires\/","name":"Rabot guillaume RALI - Pour quoi faire ?","isPartOf":{"@id":"https:\/\/rali.fr\/blog-fr\/#website"},"primaryImageOfPage":{"@id":"https:\/\/rali.fr\/blog-fr\/choisir-son-rabot-et-ses-accessoires\/#primaryimage"},"image":{"@id":"https:\/\/rali.fr\/blog-fr\/choisir-son-rabot-et-ses-accessoires\/#primaryimage"},"thumbnailUrl":"https:\/\/rali.fr\/blog-fr\/wp-content\/uploads\/2022\/02\/gamme-rabot-1.jpg","datePublished":"2022-06-21T08:45:02+00:00","dateModified":"2025-01-28T16:40:48+00:00","description":"D\u00e9couvrez toutes les diff\u00e9rences entres les rabots guillaumes ainsi que la pr\u00e9sentation de leurs diff\u00e9rentes utilisations pour le travail du bois.","inLanguage":"fr-FR","potentialAction":[{"@type":"ReadAction","target":["https:\/\/rali.fr\/blog-fr\/choisir-son-rabot-et-ses-accessoires\/"]}]},{"@type":"ImageObject","inLanguage":"fr-FR","@id":"https:\/\/rali.fr\/blog-fr\/choisir-son-rabot-et-ses-accessoires\/#primaryimage","url":"https:\/\/rali.fr\/blog-fr\/wp-content\/uploads\/2022\/02\/gamme-rabot-1.jpg","contentUrl":"https:\/\/rali.fr\/blog-fr\/wp-content\/uploads\/2022\/02\/gamme-rabot-1.jpg","width":580,"height":412,"caption":"guillaume"},{"@type":"WebSite","@id":"https:\/\/rali.fr\/blog-fr\/#website","url":"https:\/\/rali.fr\/blog-fr\/","name":"RALI outils bois pour les pros","description":"Les outils bois pour les passionn\u00e9s","publisher":{"@id":"https:\/\/rali.fr\/blog-fr\/#organization"},"potentialAction":[{"@type":"SearchAction","target":{"@type":"EntryPoint","urlTemplate":"https:\/\/rali.fr\/blog-fr\/?s={search_term_string}"},"query-input":{"@type":"PropertyValueSpecification","valueRequired":true,"valueName":"search_term_string"}}],"inLanguage":"fr-FR"},{"@type":"Organization","@id":"https:\/\/rali.fr\/blog-fr\/#organization","name":"RALI","url":"https:\/\/rali.fr\/blog-fr\/","logo":{"@type":"ImageObject","inLanguage":"fr-FR","@id":"https:\/\/rali.fr\/blog-fr\/#\/schema\/logo\/image\/","url":"https:\/\/rali.fr\/blog-fr\/wp-content\/uploads\/2020\/08\/logo-rali-allonge-1100x500-1.png","contentUrl":"https:\/\/rali.fr\/blog-fr\/wp-content\/uploads\/2020\/08\/logo-rali-allonge-1100x500-1.png","width":1100,"height":500,"caption":"RALI"},"image":{"@id":"https:\/\/rali.fr\/blog-fr\/#\/schema\/logo\/image\/"},"sameAs":["https:\/\/www.facebook.com\/raliswiss"]}]}},"_links":{"self":[{"href":"https:\/\/rali.fr\/blog-fr\/wp-json\/wp\/v2\/pages\/7584","targetHints":{"allow":["GET"]}}],"collection":[{"href":"https:\/\/rali.fr\/blog-fr\/wp-json\/wp\/v2\/pages"}],"about":[{"href":"https:\/\/rali.fr\/blog-fr\/wp-json\/wp\/v2\/types\/page"}],"author":[{"embeddable":true,"href":"https:\/\/rali.fr\/blog-fr\/wp-json\/wp\/v2\/users\/1"}],"replies":[{"embeddable":true,"href":"https:\/\/rali.fr\/blog-fr\/wp-json\/wp\/v2\/comments?post=7584"}],"version-history":[{"count":19,"href":"https:\/\/rali.fr\/blog-fr\/wp-json\/wp\/v2\/pages\/7584\/revisions"}],"predecessor-version":[{"id":14067,"href":"https:\/\/rali.fr\/blog-fr\/wp-json\/wp\/v2\/pages\/7584\/revisions\/14067"}],"wp:featuredmedia":[{"embeddable":true,"href":"https:\/\/rali.fr\/blog-fr\/wp-json\/wp\/v2\/media\/6277"}],"wp:attachment":[{"href":"https:\/\/rali.fr\/blog-fr\/wp-json\/wp\/v2\/media?parent=7584"}],"curies":[{"name":"wp","href":"https:\/\/api.w.org\/{rel}","templated":true}]}}