{"id":5238,"date":"2021-08-19T16:24:10","date_gmt":"2021-08-19T14:24:10","guid":{"rendered":"https:\/\/rali.fr\/blog-fr\/?page_id=5238"},"modified":"2024-06-06T14:32:30","modified_gmt":"2024-06-06T12:32:30","slug":"avantage-fabricant-en-direct","status":"publish","type":"page","link":"https:\/\/rali.fr\/blog-fr\/avantage-fabricant-en-direct\/","title":{"rendered":"avantage fabricant en direct"},"content":{"rendered":"\n\n\t<section class=\"section dark\" id=\"section_1910743581\">\n\t\t<div class=\"section-bg fill\" >\n\t\t\t<img decoding=\"async\" width=\"2560\" height=\"1707\" src=\"https:\/\/rali.fr\/blog-fr\/wp-content\/uploads\/2023\/08\/2019-04-17_09-37-49_RALI_Olivier_Verdier_019-scaled.jpg\" class=\"bg attachment- size-\" alt=\"\" \/>\t\t\t\t\t\t\n\t\t\t\n\n\t\t<\/div>\n\n\t\t\n\n\t\t<div class=\"section-content relative\">\n\t\t\t\n\n<div class=\"row\" style=\"max-width:1300px\" id=\"row-12663386\">\n\n\n\t<div id=\"col-1158885767\" class=\"col medium-8 small-12 large-8\"  >\n\t\t\t\t<div class=\"col-inner text-shadow-5\"  >\n\t\t\t\n\t\t\t\n\n\t<div id=\"text-3559959445\" class=\"text\">\n\t\t\n\n<h1 class=\"uppercase\"><span style=\"color: #ffffff;\">USINE EN DIRECT<\/span><\/h1>\n\t\t\n<style>\n#text-3559959445 {\n  font-size: 1.8rem;\n  line-height: 2.15;\n}\n@media (min-width:550px) {\n  #text-3559959445 {\n    font-size: 2.25rem;\n  }\n}\n<\/style>\n\t<\/div>\n\t\n\n\t\t<\/div>\n\t\t\t\t\n<style>\n#col-1158885767 > .col-inner {\n  margin: 0px 0px -60px 0px;\n}\n<\/style>\n\t<\/div>\n\n\t\n\n<\/div>\n<div class=\"row\" style=\"max-width:1300px\" id=\"row-1267005170\">\n\n\n\t<div id=\"col-2057042468\" class=\"col medium-8 small-12 large-7\"  >\n\t\t\t\t<div class=\"col-inner text-shadow-5\"  >\n\t\t\t\n\t\t\t\n\n<div class=\"is-divider divider clearfix\" style=\"max-width:100px;height:4px;background-color:rgb(253, 111, 94);\"><\/div>\n\n\t<div id=\"text-2443779725\" class=\"text\">\n\t\t\n\n<p>D\u00e9couvrez les 5 avantages<\/p>\n\t\t\n<style>\n#text-2443779725 {\n  font-size: 1.75rem;\n  line-height: 0.8;\n}\n@media (min-width:550px) {\n  #text-2443779725 {\n    font-size: 3rem;\n  }\n}\n<\/style>\n\t<\/div>\n\t\n\n\t\t<\/div>\n\t\t\t\t\t<\/div>\n\n\t\n\n<\/div>\n\n\t\t<\/div>\n\n\t\t\n<style>\n#section_1910743581 {\n  padding-top: 30px;\n  padding-bottom: 30px;\n  min-height: 450px;\n}\n#section_1910743581 .section-bg img {\n  object-position: 62% 100%;\n}\n@media (min-width:550px) {\n  #section_1910743581 {\n    min-height: 650px;\n  }\n}\n@media (min-width:850px) {\n  #section_1910743581 {\n    min-height: 600px;\n  }\n}\n<\/style>\n\t<\/section>\n\t\n\t<div id=\"gap-1862232556\" class=\"gap-element clearfix\" style=\"display:block; height:auto;\">\n\t\t\n<style>\n#gap-1862232556 {\n  padding-top: 30px;\n}\n<\/style>\n\t<\/div>\n\t\n\n<div class=\"container section-title-container\" ><h2 class=\"section-title section-title-center\"><b><\/b><span class=\"section-title-main\" >Pour RALI, la qualit\u00e9 de service doit \u00eatre \u00e0 la hauteur des outils<\/span><b><\/b><\/h2><\/div>\n\n\n\t<section class=\"section\" id=\"section_268554645\">\n\t\t<div class=\"section-bg fill\" >\n\t\t\t\t\t\t\t\t\t\n\t\t\t\n\n\t\t<\/div>\n\n\t\t\n\n\t\t<div class=\"section-content relative\">\n\t\t\t\n\n<div class=\"row row-collapse align-middle align-center\" style=\"max-width:1400px\" id=\"row-1971638030\">\n\n\n\t<div id=\"col-2093478575\" class=\"col medium-9 small-12 large-6\"  >\n\t\t\t\t<div class=\"col-inner\"  >\n\t\t\t\n\t\t\t\n\n\n  <div class=\"banner has-hover\" id=\"banner-1393177515\">\n          <div class=\"banner-inner fill\">\n        <div class=\"banner-bg fill\" >\n            <img decoding=\"async\" width=\"1020\" height=\"680\" src=\"https:\/\/rali.fr\/blog-fr\/wp-content\/uploads\/2023\/03\/2019-04-15_11-41-27_RALI_Olivier_Verdier_014-1350x900.jpg\" class=\"bg attachment-large size-large\" alt=\"\" \/>                                    \n                    <\/div>\n\t\t\n        <div class=\"banner-layers container\">\n            <div class=\"fill banner-link\"><\/div>            \n\n\n        <\/div>\n      <\/div>\n\n            \n<style>\n#banner-1393177515 {\n  padding-top: 300px;\n}\n#banner-1393177515 .banner-bg img {\n  object-position: 0% 35%;\n}\n@media (min-width:850px) {\n  #banner-1393177515 {\n    padding-top: 70%;\n  }\n}\n<\/style>\n  <\/div>\n\n\n\n\t\t<\/div>\n\t\t\t\t\t<\/div>\n\n\t\n\n\t<div id=\"col-35574435\" class=\"col medium-9 small-12 large-6\"  >\n\t\t\t\t<div class=\"col-inner text-left\"  >\n\t\t\t\n\t\t\t\n\n<h3 class=\"uppercase\"><span style=\"font-size: 130%;\">1- Fabrication 100% Swissmade<br \/><\/span><\/h3>\n<p>Tous nos outils RALI sont <strong>fabriqu\u00e9s en Suisse<\/strong> dans nos usines depuis plus de 50 ans.<\/p>\n<p>Nous apportons <strong>le plus grand soin<\/strong> dans la conception de nos outils<\/p>\n<p>Nous assemblons et contr\u00f4lons manuellement chaque outil.<\/p>\n<p>C&rsquo;est pour vous <strong>une garantie de long\u00e9vit\u00e9<\/strong> dans le temps<\/p>\n\n\t\t<\/div>\n\t\t\t\t\n<style>\n#col-35574435 > .col-inner {\n  padding: 0px 0px 0px 0px;\n}\n@media (min-width:850px) {\n  #col-35574435 > .col-inner {\n    padding: 0px 50px 0px 50px;\n  }\n}\n<\/style>\n\t<\/div>\n\n\t\n\n<\/div>\n<div class=\"row row-collapse align-middle align-center\" style=\"max-width:1400px\" id=\"row-176528090\">\n\n\n\t<div id=\"col-846761630\" class=\"col medium-9 small-12 large-6\"  >\n\t\t\t\t<div class=\"col-inner text-left\"  >\n\t\t\t\n\t\t\t\n\n<h3 class=\"uppercase\"><span style=\"font-size: 130%;\">2- Des conseils EN DIRECT<\/span><\/h3>\n<p>Fini les interm\u00e9diaires et les pertes de temps, u<strong>n expert usine prendra en charge directement vos demandes.<\/strong><\/p>\n<p>Nous pourrons vous conseiller au mieux en fonction de vos besoins et attentes.<\/p>\n<p>Vos id\u00e9es et suggestions seront les bienvenus.<\/p>\n\n\t\t<\/div>\n\t\t\t\t\n<style>\n#col-846761630 > .col-inner {\n  padding: 0px 0px 0px 0px;\n}\n@media (min-width:850px) {\n  #col-846761630 > .col-inner {\n    padding: 0px 50px 0px 50px;\n  }\n}\n<\/style>\n\t<\/div>\n\n\t\n\n\t<div id=\"col-300895422\" class=\"col medium-9 small-12 large-6 medium-col-first\"  >\n\t\t\t\t<div class=\"col-inner\"  >\n\t\t\t\n\t\t\t\n\n\n  <div class=\"banner has-hover\" id=\"banner-694749164\">\n          <div class=\"banner-inner fill\">\n        <div class=\"banner-bg fill\" >\n            <img decoding=\"async\" width=\"400\" height=\"252\" src=\"https:\/\/rali.fr\/blog-fr\/wp-content\/uploads\/2022\/04\/shark-team.jpg\" class=\"bg attachment-large size-large\" alt=\"\" \/>                                    \n                    <\/div>\n\t\t\n        <div class=\"banner-layers container\">\n            <div class=\"fill banner-link\"><\/div>            \n\n\n        <\/div>\n      <\/div>\n\n            \n<style>\n#banner-694749164 {\n  padding-top: 300px;\n}\n#banner-694749164 .banner-bg img {\n  object-position: 71% 53%;\n}\n@media (min-width:850px) {\n  #banner-694749164 {\n    padding-top: 70%;\n  }\n}\n<\/style>\n  <\/div>\n\n\n\n\t\t<\/div>\n\t\t\t\t\t<\/div>\n\n\t\n\n<\/div>\n<div class=\"row row-collapse align-middle align-center\" style=\"max-width:1400px\" id=\"row-1745151046\">\n\n\n\t<div id=\"col-1440288855\" class=\"col medium-9 small-12 large-6\"  >\n\t\t\t\t<div class=\"col-inner\"  >\n\t\t\t\n\t\t\t\n\n\n  <div class=\"banner has-hover\" id=\"banner-2021930379\">\n          <div class=\"banner-inner fill\">\n        <div class=\"banner-bg fill\" >\n            <img decoding=\"async\" width=\"478\" height=\"299\" src=\"https:\/\/rali.fr\/blog-fr\/wp-content\/uploads\/2021\/07\/a-votre-ecoute.gif\" class=\"bg attachment-large size-large\" alt=\"\" \/>                                    \n                    <\/div>\n\t\t\n        <div class=\"banner-layers container\">\n            <div class=\"fill banner-link\"><\/div>            \n\n\n        <\/div>\n      <\/div>\n\n            \n<style>\n#banner-2021930379 {\n  padding-top: 300px;\n}\n#banner-2021930379 .banner-bg img {\n  object-position: 6% 30%;\n}\n@media (min-width:850px) {\n  #banner-2021930379 {\n    padding-top: 70%;\n  }\n}\n<\/style>\n  <\/div>\n\n\n\n\t\t<\/div>\n\t\t\t\t\t<\/div>\n\n\t\n\n\t<div id=\"col-1703180997\" class=\"col medium-9 small-12 large-6\"  >\n\t\t\t\t<div class=\"col-inner text-left\"  >\n\t\t\t\n\t\t\t\n\n<h3 class=\"uppercase\"><span style=\"font-size: 130%;\">3- FACILIT\u00c9 POUR NOUS JOINDRE<\/span><\/h3>\n<p><strong>Joindre le fabricant directement<\/strong> par t\u00e9l\u00e9phone, par Whatsapp, par tchat, par email, c\u2019est appr\u00e9ciable et c\u2019est rapide.<\/p>\n<p>Besoin d&rsquo;un conseil&nbsp; ? des questions techniques ?<\/p>\n<p><span data-text-color=\"alert\">Votre temps est pr\u00e9cieux !&nbsp;<\/span><span data-text-color=\"alert\">N&rsquo;h\u00e9sitez pas \u00e0 nous contacter ou nous laisser un message.<\/span><\/p>\n<a href=\"\/customer-service\" class=\"button success\"  >\n\t\t<span>Contactez-nous<\/span>\n\t<\/a>\n\n\n<div class=\"social-icons follow-icons\" ><a href=\"https:\/\/www.facebook.com\/raliswiss\/\" target=\"_blank\" data-label=\"Facebook\" class=\"icon primary button circle facebook tooltip\" title=\"Nous suivre sur Facebook\" aria-label=\"Nous suivre sur Facebook\" rel=\"noopener nofollow\" ><i class=\"icon-facebook\" ><\/i><\/a><a href=\"https:\/\/www.instagram.com\/rali_outils\/\" target=\"_blank\" data-label=\"Instagram\" class=\"icon primary button circle instagram tooltip\" title=\"Nous suivre sur Instagram\" aria-label=\"Nous suivre sur Instagram\" rel=\"noopener nofollow\" ><i class=\"icon-instagram\" ><\/i><\/a><a href=\"tel:0612031602\" data-label=\"Phone\" target=\"_blank\" class=\"icon primary button circle phone tooltip\" title=\"Appelez-nous\" aria-label=\"Appelez-nous\" rel=\"nofollow noopener\" ><i class=\"icon-phone\" ><\/i><\/a><a href=\"https:\/\/www.youtube.com\/c\/RALIoutils\" data-label=\"YouTube\" target=\"_blank\" class=\"icon primary button circle youtube tooltip\" title=\"Nous suivre sur Youtube\" aria-label=\"Nous suivre sur Youtube\" rel=\"noopener nofollow\" ><i class=\"icon-youtube\" ><\/i><\/a><\/div>\n\n\n\t\t<\/div>\n\t\t\t\t\n<style>\n#col-1703180997 > .col-inner {\n  padding: 0px 0px 0px 0px;\n}\n@media (min-width:850px) {\n  #col-1703180997 > .col-inner {\n    padding: 0px 50px 0px 50px;\n  }\n}\n<\/style>\n\t<\/div>\n\n\t\n\n<\/div>\n<div class=\"row row-collapse align-middle align-center\" style=\"max-width:1400px\" id=\"row-1465697269\">\n\n\n\t<div id=\"col-1019905375\" class=\"col medium-9 small-12 large-6\"  >\n\t\t\t\t<div class=\"col-inner text-left\"  >\n\t\t\t\n\t\t\t\n\n<h3 class=\"uppercase\"><span style=\"font-size: 130%;\">4- garantie Swisscare 5 ans<\/span><\/h3>\n<p>En qualit\u00e9 de fabricant, nous vous offrons jusqu&rsquo;\u00e0 5 ans de garantie au lieu de 2 ans sur les outils de la <strong>gamme Evolution N<\/strong>.<\/p>\n<p>Vous b\u00e9n\u00e9ficiez \u00e9galement d&rsquo;un <strong>service de prise en charge<\/strong> pour toute demande.<\/p>\n<p>Nous effections des <strong>\u00e9changes standards<\/strong> si besoin.<\/p>\n\n\t\t<\/div>\n\t\t\t\t\n<style>\n#col-1019905375 > .col-inner {\n  padding: 0px 0px 0px 0px;\n}\n@media (min-width:850px) {\n  #col-1019905375 > .col-inner {\n    padding: 0px 50px 0px 50px;\n  }\n}\n<\/style>\n\t<\/div>\n\n\t\n\n\t<div id=\"col-1664735572\" class=\"col medium-9 small-12 large-6 medium-col-first\"  >\n\t\t\t\t<div class=\"col-inner\"  >\n\t\t\t\n\t\t\t\n\n\n  <div class=\"banner has-hover\" id=\"banner-1772337232\">\n          <div class=\"banner-inner fill\">\n        <div class=\"banner-bg fill\" >\n            <img decoding=\"async\" width=\"834\" height=\"587\" src=\"https:\/\/rali.fr\/blog-fr\/wp-content\/uploads\/2021\/08\/Votre-garantie-swiss-caire-7-e1679409801725.jpg\" class=\"bg attachment-large size-large\" alt=\"swiss care\" \/>                                    \n                    <\/div>\n\t\t\n        <div class=\"banner-layers container\">\n            <div class=\"fill banner-link\"><\/div>            \n\n\n        <\/div>\n      <\/div>\n\n            \n<style>\n#banner-1772337232 {\n  padding-top: 300px;\n}\n#banner-1772337232 .banner-bg img {\n  object-position: 61% 46%;\n}\n@media (min-width:850px) {\n  #banner-1772337232 {\n    padding-top: 70%;\n  }\n}\n<\/style>\n  <\/div>\n\n\n\n\t\t<\/div>\n\t\t\t\t\t<\/div>\n\n\t\n\n<\/div>\n<div class=\"row row-collapse align-middle align-center\" style=\"max-width:1400px\" id=\"row-1830502729\">\n\n\n\t<div id=\"col-5406736\" class=\"col medium-9 small-12 large-6\"  >\n\t\t\t\t<div class=\"col-inner\"  >\n\t\t\t\n\t\t\t\n\n\n  <div class=\"banner has-hover\" id=\"banner-1167352993\">\n          <div class=\"banner-inner fill\">\n        <div class=\"banner-bg fill\" >\n            <img decoding=\"async\" width=\"460\" height=\"322\" src=\"https:\/\/rali.fr\/blog-fr\/wp-content\/uploads\/2022\/04\/fabr_04.jpg\" class=\"bg attachment-large size-large\" alt=\"\" \/>                                    \n                    <\/div>\n\t\t\n        <div class=\"banner-layers container\">\n            <div class=\"fill banner-link\"><\/div>            \n\n\n        <\/div>\n      <\/div>\n\n            \n<style>\n#banner-1167352993 {\n  padding-top: 300px;\n}\n#banner-1167352993 .banner-bg img {\n  object-position: 51% 35%;\n}\n@media (min-width:850px) {\n  #banner-1167352993 {\n    padding-top: 70%;\n  }\n}\n<\/style>\n  <\/div>\n\n\n\n\t\t<\/div>\n\t\t\t\t\t<\/div>\n\n\t\n\n\t<div id=\"col-932690679\" class=\"col medium-9 small-12 large-6\"  >\n\t\t\t\t<div class=\"col-inner text-left\"  >\n\t\t\t\n\t\t\t\n\n<h3 class=\"uppercase\"><span style=\"font-size: 130%;\">5- Suivi de vos outils<\/span><\/h3>\n<p>M\u00eame<strong> au-del\u00e0 de la garantie standard<\/strong>, vous pouvez nous contacter pour tout probl\u00e8me technique.<\/p>\n<p><strong>Nous disposons de toutes les pi\u00e8ces d\u00e9tach\u00e9es.<\/strong><\/p>\n<p>Nous pouvons \u00e9galement <strong>r\u00e9parer ou remettre en \u00e9tat vos outils<\/strong> directement \u00e0 l&rsquo;usine.<\/p>\n<p>Votre investissement sera ainsi p\u00e9rennis\u00e9 pour de tr\u00e8s longues ann\u00e9es.<\/p>\n\n\t\t<\/div>\n\t\t\t\t\n<style>\n#col-932690679 > .col-inner {\n  padding: 0px 0px 0px 0px;\n}\n@media (min-width:850px) {\n  #col-932690679 > .col-inner {\n    padding: 0px 50px 0px 50px;\n  }\n}\n<\/style>\n\t<\/div>\n\n\t\n\n<\/div>\n\n\t\t<\/div>\n\n\t\t\n<style>\n#section_268554645 {\n  padding-top: 0px;\n  padding-bottom: 0px;\n}\n<\/style>\n\t<\/section>\n\t\n\n\n\n\t<div id=\"gap-1292391501\" class=\"gap-element clearfix\" style=\"display:block; height:auto;\">\n\t\t\n<style>\n#gap-1292391501 {\n  padding-top: 30px;\n}\n<\/style>\n\t<\/div>\n\t\n\n<div class=\"container section-title-container\" ><h2 class=\"section-title section-title-center\"><b><\/b><span class=\"section-title-main\" >Nos offres du moment<\/span><b><\/b><\/h2><\/div>\n\n<div class=\"row align-equal align-center\"  id=\"row-449687612\">\n\n\n\t<div id=\"col-1270252864\" class=\"col medium-9 small-12 large-9\"  >\n\t\t\t\t<div class=\"col-inner text-center box-shadow-3 box-shadow-1-hover dark\" style=\"background-color:rgb(0,0,0);\" >\n\t\t\t\n\t\t\t\n\n\t<div id=\"text-2662390155\" class=\"text\">\n\t\t\n\n<p><span style=\"font-size: 200%;\"><span style=\"font-size: 160%;\"><span style=\"color: #ffffff;\">Aujourd'hui<br \/><\/span><\/span><\/span><\/p>\n<p><span style=\"font-size: 200%;\"><span style=\"color: #ed1c24; font-size: 150%;\">-15\u20ac\/chf <\/span>offerts<br \/>tous les 100\u20ac\/chf d'achat*<br \/>\n<\/span><\/p>\n\t\t\n<style>\n#text-2662390155 {\n  line-height: 1.2;\n}\n<\/style>\n\t<\/div>\n\t\n<a href=\"\/rabots.html\" class=\"button success\"  >\n\t\t<span>Voir les outils<\/span>\n\t<\/a>\n\n\n\t<div id=\"text-2242889671\" class=\"text\">\n\t\t\n\n<p>*hors promotions<\/p>\n\t\t\n<style>\n#text-2242889671 {\n  font-size: 0.75rem;\n  text-align: right;\n}\n<\/style>\n\t<\/div>\n\t\n\n\t\t<\/div>\n\t\t\t\t\n<style>\n#col-1270252864 > .col-inner {\n  padding: 20px 20px 0px 20px;\n  border-radius: 30px;\n}\n<\/style>\n\t<\/div>\n\n\t\n\n\t<div id=\"col-1797339536\" class=\"col medium-9 small-12 large-9\"  >\n\t\t\t\t<div class=\"col-inner text-center box-shadow-3 box-shadow-1-hover dark\" style=\"background-color:rgb(0,0,0);\" >\n\t\t\t\n\t\t\t\n\n\t<div id=\"text-1699269342\" class=\"text\">\n\t\t\n\n<p><span style=\"font-size: 200%;\"><span style=\"font-size: 160%;\"><span style=\"color: #ffffff;\">OFFRE PACKS<br \/><\/span><\/span><\/span><\/p>\n<p><span style=\"font-size: 200%;\">Jusqu'\u00e0 <span style=\"color: #ed1c24; font-size: 150%;\">-50% <\/span>sur le 2\u00e8me outil<br \/>dans nos packs d'\u00e9quipement<br \/><\/span><\/p>\n\t\t\n<style>\n#text-1699269342 {\n  line-height: 1.2;\n}\n<\/style>\n\t<\/div>\n\t\n<a href=\"\/promo.html\" class=\"button success\"  >\n\t\t<span>Voir les packs<\/span>\n\t<\/a>\n\n\n\t<div id=\"text-701876399\" class=\"text hidden\">\n\t\t\n\n<p>*hors promotions<\/p>\n\t\t\n<style>\n#text-701876399 {\n  font-size: 0.75rem;\n  text-align: right;\n}\n<\/style>\n\t<\/div>\n\t\n\n\t\t<\/div>\n\t\t\t\t\n<style>\n#col-1797339536 > .col-inner {\n  padding: 20px 20px 0px 20px;\n  border-radius: 30px;\n}\n<\/style>\n\t<\/div>\n\n\t\n\n\n<style>\n#row-449687612 > .col > .col-inner {\n  background-color: rgb(0,0,0);\n}\n<\/style>\n<\/div>\n\n\n\n\n\n\n","protected":false},"excerpt":{"rendered":"","protected":false},"author":1,"featured_media":7066,"parent":0,"menu_order":0,"comment_status":"closed","ping_status":"closed","template":"page-blank.php","meta":{"_yoast_wpseo_focuskw":"","_yoast_wpseo_title":"","_yoast_wpseo_metadesc":"","rank_math_description":"","rank_math_focus_keyword":"","rank_math_title":"","footnotes":""},"class_list":["post-5238","page","type-page","status-publish","has-post-thumbnail","hentry"],"yoast_head":"<!-- This site is optimized with the Yoast SEO plugin v25.3 - https:\/\/yoast.com\/wordpress\/plugins\/seo\/ -->\n<title>avantage fabricant en direct - RALI outils bois pour les pros<\/title>\n<meta name=\"robots\" content=\"index, follow, max-snippet:-1, max-image-preview:large, max-video-preview:-1\" \/>\n<link rel=\"canonical\" href=\"https:\/\/rali.fr\/blog-fr\/avantage-fabricant-en-direct\/\" \/>\n<meta property=\"og:locale\" content=\"fr_FR\" \/>\n<meta property=\"og:type\" content=\"article\" \/>\n<meta property=\"og:title\" content=\"avantage fabricant en direct - RALI outils bois pour les pros\" \/>\n<meta property=\"og:url\" content=\"https:\/\/rali.fr\/blog-fr\/avantage-fabricant-en-direct\/\" \/>\n<meta property=\"og:site_name\" content=\"RALI outils bois pour les pros\" \/>\n<meta property=\"article:publisher\" content=\"https:\/\/www.facebook.com\/raliswiss\" \/>\n<meta property=\"article:modified_time\" content=\"2024-06-06T12:32:30+00:00\" \/>\n<meta property=\"og:image\" content=\"https:\/\/rali.fr\/blog-fr\/wp-content\/uploads\/2022\/04\/2020-09-03_11-10-47_usine_arena_photovoltaique_0011_1024x768.jpg\" \/>\n\t<meta property=\"og:image:width\" content=\"1024\" \/>\n\t<meta property=\"og:image:height\" content=\"683\" \/>\n\t<meta property=\"og:image:type\" content=\"image\/jpeg\" \/>\n<meta name=\"twitter:card\" content=\"summary_large_image\" \/>\n<meta name=\"twitter:label1\" content=\"Dur\u00e9e de lecture estim\u00e9e\" \/>\n\t<meta name=\"twitter:data1\" content=\"7 minutes\" \/>\n<script type=\"application\/ld+json\" class=\"yoast-schema-graph\">{\"@context\":\"https:\/\/schema.org\",\"@graph\":[{\"@type\":\"WebPage\",\"@id\":\"https:\/\/rali.fr\/blog-fr\/avantage-fabricant-en-direct\/\",\"url\":\"https:\/\/rali.fr\/blog-fr\/avantage-fabricant-en-direct\/\",\"name\":\"avantage fabricant en direct - RALI outils bois pour les pros\",\"isPartOf\":{\"@id\":\"https:\/\/rali.fr\/blog-fr\/#website\"},\"primaryImageOfPage\":{\"@id\":\"https:\/\/rali.fr\/blog-fr\/avantage-fabricant-en-direct\/#primaryimage\"},\"image\":{\"@id\":\"https:\/\/rali.fr\/blog-fr\/avantage-fabricant-en-direct\/#primaryimage\"},\"thumbnailUrl\":\"https:\/\/rali.fr\/blog-fr\/wp-content\/uploads\/2022\/04\/2020-09-03_11-10-47_usine_arena_photovoltaique_0011_1024x768.jpg\",\"datePublished\":\"2021-08-19T14:24:10+00:00\",\"dateModified\":\"2024-06-06T12:32:30+00:00\",\"inLanguage\":\"fr-FR\",\"potentialAction\":[{\"@type\":\"ReadAction\",\"target\":[\"https:\/\/rali.fr\/blog-fr\/avantage-fabricant-en-direct\/\"]}]},{\"@type\":\"ImageObject\",\"inLanguage\":\"fr-FR\",\"@id\":\"https:\/\/rali.fr\/blog-fr\/avantage-fabricant-en-direct\/#primaryimage\",\"url\":\"https:\/\/rali.fr\/blog-fr\/wp-content\/uploads\/2022\/04\/2020-09-03_11-10-47_usine_arena_photovoltaique_0011_1024x768.jpg\",\"contentUrl\":\"https:\/\/rali.fr\/blog-fr\/wp-content\/uploads\/2022\/04\/2020-09-03_11-10-47_usine_arena_photovoltaique_0011_1024x768.jpg\",\"width\":1024,\"height\":683,\"caption\":\"Les avantages d'un fabricant d'outils pour le bois en direct\"},{\"@type\":\"WebSite\",\"@id\":\"https:\/\/rali.fr\/blog-fr\/#website\",\"url\":\"https:\/\/rali.fr\/blog-fr\/\",\"name\":\"RALI outils bois pour les pros\",\"description\":\"Les outils bois pour les passionn\u00e9s\",\"publisher\":{\"@id\":\"https:\/\/rali.fr\/blog-fr\/#organization\"},\"potentialAction\":[{\"@type\":\"SearchAction\",\"target\":{\"@type\":\"EntryPoint\",\"urlTemplate\":\"https:\/\/rali.fr\/blog-fr\/?s={search_term_string}\"},\"query-input\":{\"@type\":\"PropertyValueSpecification\",\"valueRequired\":true,\"valueName\":\"search_term_string\"}}],\"inLanguage\":\"fr-FR\"},{\"@type\":\"Organization\",\"@id\":\"https:\/\/rali.fr\/blog-fr\/#organization\",\"name\":\"RALI\",\"url\":\"https:\/\/rali.fr\/blog-fr\/\",\"logo\":{\"@type\":\"ImageObject\",\"inLanguage\":\"fr-FR\",\"@id\":\"https:\/\/rali.fr\/blog-fr\/#\/schema\/logo\/image\/\",\"url\":\"https:\/\/rali.fr\/blog-fr\/wp-content\/uploads\/2026\/04\/rali_logo_color_FR.gif\",\"contentUrl\":\"https:\/\/rali.fr\/blog-fr\/wp-content\/uploads\/2026\/04\/rali_logo_color_FR.gif\",\"width\":1000,\"height\":470,\"caption\":\"RALI\"},\"image\":{\"@id\":\"https:\/\/rali.fr\/blog-fr\/#\/schema\/logo\/image\/\"},\"sameAs\":[\"https:\/\/www.facebook.com\/raliswiss\"]}]}<\/script>\n<!-- \/ Yoast SEO plugin. -->","yoast_head_json":{"title":"avantage fabricant en direct - RALI outils bois pour les pros","robots":{"index":"index","follow":"follow","max-snippet":"max-snippet:-1","max-image-preview":"max-image-preview:large","max-video-preview":"max-video-preview:-1"},"canonical":"https:\/\/rali.fr\/blog-fr\/avantage-fabricant-en-direct\/","og_locale":"fr_FR","og_type":"article","og_title":"avantage fabricant en direct - RALI outils bois pour les pros","og_url":"https:\/\/rali.fr\/blog-fr\/avantage-fabricant-en-direct\/","og_site_name":"RALI outils bois pour les pros","article_publisher":"https:\/\/www.facebook.com\/raliswiss","article_modified_time":"2024-06-06T12:32:30+00:00","og_image":[{"width":1024,"height":683,"url":"https:\/\/rali.fr\/blog-fr\/wp-content\/uploads\/2022\/04\/2020-09-03_11-10-47_usine_arena_photovoltaique_0011_1024x768.jpg","type":"image\/jpeg"}],"twitter_card":"summary_large_image","twitter_misc":{"Dur\u00e9e de lecture estim\u00e9e":"7 minutes"},"schema":{"@context":"https:\/\/schema.org","@graph":[{"@type":"WebPage","@id":"https:\/\/rali.fr\/blog-fr\/avantage-fabricant-en-direct\/","url":"https:\/\/rali.fr\/blog-fr\/avantage-fabricant-en-direct\/","name":"avantage fabricant en direct - RALI outils bois pour les pros","isPartOf":{"@id":"https:\/\/rali.fr\/blog-fr\/#website"},"primaryImageOfPage":{"@id":"https:\/\/rali.fr\/blog-fr\/avantage-fabricant-en-direct\/#primaryimage"},"image":{"@id":"https:\/\/rali.fr\/blog-fr\/avantage-fabricant-en-direct\/#primaryimage"},"thumbnailUrl":"https:\/\/rali.fr\/blog-fr\/wp-content\/uploads\/2022\/04\/2020-09-03_11-10-47_usine_arena_photovoltaique_0011_1024x768.jpg","datePublished":"2021-08-19T14:24:10+00:00","dateModified":"2024-06-06T12:32:30+00:00","inLanguage":"fr-FR","potentialAction":[{"@type":"ReadAction","target":["https:\/\/rali.fr\/blog-fr\/avantage-fabricant-en-direct\/"]}]},{"@type":"ImageObject","inLanguage":"fr-FR","@id":"https:\/\/rali.fr\/blog-fr\/avantage-fabricant-en-direct\/#primaryimage","url":"https:\/\/rali.fr\/blog-fr\/wp-content\/uploads\/2022\/04\/2020-09-03_11-10-47_usine_arena_photovoltaique_0011_1024x768.jpg","contentUrl":"https:\/\/rali.fr\/blog-fr\/wp-content\/uploads\/2022\/04\/2020-09-03_11-10-47_usine_arena_photovoltaique_0011_1024x768.jpg","width":1024,"height":683,"caption":"Les avantages d'un fabricant d'outils pour le bois en direct"},{"@type":"WebSite","@id":"https:\/\/rali.fr\/blog-fr\/#website","url":"https:\/\/rali.fr\/blog-fr\/","name":"RALI outils bois pour les pros","description":"Les outils bois pour les passionn\u00e9s","publisher":{"@id":"https:\/\/rali.fr\/blog-fr\/#organization"},"potentialAction":[{"@type":"SearchAction","target":{"@type":"EntryPoint","urlTemplate":"https:\/\/rali.fr\/blog-fr\/?s={search_term_string}"},"query-input":{"@type":"PropertyValueSpecification","valueRequired":true,"valueName":"search_term_string"}}],"inLanguage":"fr-FR"},{"@type":"Organization","@id":"https:\/\/rali.fr\/blog-fr\/#organization","name":"RALI","url":"https:\/\/rali.fr\/blog-fr\/","logo":{"@type":"ImageObject","inLanguage":"fr-FR","@id":"https:\/\/rali.fr\/blog-fr\/#\/schema\/logo\/image\/","url":"https:\/\/rali.fr\/blog-fr\/wp-content\/uploads\/2026\/04\/rali_logo_color_FR.gif","contentUrl":"https:\/\/rali.fr\/blog-fr\/wp-content\/uploads\/2026\/04\/rali_logo_color_FR.gif","width":1000,"height":470,"caption":"RALI"},"image":{"@id":"https:\/\/rali.fr\/blog-fr\/#\/schema\/logo\/image\/"},"sameAs":["https:\/\/www.facebook.com\/raliswiss"]}]}},"_links":{"self":[{"href":"https:\/\/rali.fr\/blog-fr\/wp-json\/wp\/v2\/pages\/5238","targetHints":{"allow":["GET"]}}],"collection":[{"href":"https:\/\/rali.fr\/blog-fr\/wp-json\/wp\/v2\/pages"}],"about":[{"href":"https:\/\/rali.fr\/blog-fr\/wp-json\/wp\/v2\/types\/page"}],"author":[{"embeddable":true,"href":"https:\/\/rali.fr\/blog-fr\/wp-json\/wp\/v2\/users\/1"}],"replies":[{"embeddable":true,"href":"https:\/\/rali.fr\/blog-fr\/wp-json\/wp\/v2\/comments?post=5238"}],"version-history":[{"count":213,"href":"https:\/\/rali.fr\/blog-fr\/wp-json\/wp\/v2\/pages\/5238\/revisions"}],"predecessor-version":[{"id":11530,"href":"https:\/\/rali.fr\/blog-fr\/wp-json\/wp\/v2\/pages\/5238\/revisions\/11530"}],"wp:featuredmedia":[{"embeddable":true,"href":"https:\/\/rali.fr\/blog-fr\/wp-json\/wp\/v2\/media\/7066"}],"wp:attachment":[{"href":"https:\/\/rali.fr\/blog-fr\/wp-json\/wp\/v2\/media?parent=5238"}],"curies":[{"name":"wp","href":"https:\/\/api.w.org\/{rel}","templated":true}]}}